11112
In base 3, what is -2202121 - -11?
-2202110
In base 2, what is -1100000 - -10110100?
1010100
In base 10, what is -18206 - 114?
-18320
In base 6, what is -1421052 + -10?
-1421102
In base 16, what is -2 + 2a6e?
2a6c
In base 2, what is -100010100100 - 101?
-100010101001
In base 6, what is -124 + 1124?
1000
In base 6, what is -232 + -3225?
-3501
In base 11, what is 6 - -227a6a?
227a75
In base 9, what is -38 - 263588?
-263637
In base 4, what is 1010 - -11?
1021
In base 10, what is -121386 - -3?
-121383
In base 3, what is -21002010 - 220?
-21010000
In base 9, what is -3 + -22341?
-22344
In base 9, what is -554 - -1070?
415
In base 5, what is -22013001 + -11?
-22013012
In base 16, what is -7 - 2f327?
-2f32e
In base 3, what is -11 + 120121212?
120121201
In base 14, what is -10 + -cb1?
-cc1
In base 12, what is a305 - 6?
a2bb
In base 2, what is 100001111 + 111?
100010110
In base 8, what is 677 - 354?
323
In base 12, what is -809 + -804?
-1411
In base 13, what is -4 + 1507?
1503
In base 6, what is 1235451 + -2?
1235445
In base 4, what is -1 + 31313110?
31313103
In base 9, what is 4 - 11256?
-11252
In base 6, what is 53112 + 3?
53115
In base 5, what is 1323 + 22121?
23444
In base 9, what is 28 - -2568?
2607
In base 11, what is 49128a - 3?
491287
In base 5, what is 3110 - -1200?
4310
In base 9, what is -117177 + 0?
-117177
In base 2, what is -1101110101100011101 - -1?
-1101110101100011100
In base 4, what is -1133232 + 10000?
-1123232
In base 15, what is -2b96 + -141?
-2cd7
In base 5, what is -1144200 - 12?
-1144212
In base 11, what is -1 - -44383a?
443839
In base 11, what is 75 + -41a39?
-41974
In base 4, what is 12022120 + -1?
12022113
In base 6, what is -13424 + -11?
-13435
In base 3, what is 122202102 - 12100?
122120002
In base 3, what is 12 + 202220110202?
202220110221
In base 10, what is 125791 + 6?
125797
In base 6, what is 11 + -231015?
-231004
In base 3, what is -2112022 - 11?
-2112110
In base 4, what is -1230331331 + -3?
-1230332000
In base 6, what is -22 + 3002?
2540
In base 8, what is -4143 + 1?
-4142
In base 10, what is 3 - -46069?
46072
In base 11, what is -9243 - -5?
-9239
In base 12, what is -a0 + a1?
1
In base 16, what is d9 - 52?
87
In base 5, what is -3121243 + -100?
-3121343
In base 9, what is -12 - -868?
856
In base 7, what is 115 + 164516?
164634
In base 10, what is 5 - -1259793?
1259798
In base 9, what is -33381 - -58?
-33322
In base 2, what is 10 - -111101000110?
111101001000
In base 7, what is 2 - -1134632?
1134634
In base 5, what is -140 + 1010?
320
In base 2, what is 10010001111111010 + 0?
10010001111111010
In base 7, what is 123 + -2113?
-1660
In base 5, what is 20 + -41000?
-40430
In base 13, what is a7 - 59?
4b
In base 6, what is 4012310 + -5?
4012301
In base 14, what is 1 - 98a8?
-98a7
In base 8, what is -15 + 3742?
3725
In base 3, what is 12 + 2121?
2210
In base 15, what is -402 + -9?
-40b
In base 16, what is 5 + 24cfd?
24d02
In base 11, what is 4 + 48390?
48394
In base 7, what is 141336 + 1?
141340
In base 7, what is 615165 - -4?
615202
In base 9, what is 205 + -270?
-64
In base 13, what is -11b - -14457?
14339
In base 15, what is 4cc6 - 1?
4cc5
In base 16, what is -10 - 226?
-236
In base 15, what is -1a9 - -8?
-1a1
In base 7, what is 2 - -1526661?
1526663
In base 7, what is -2156 + 560?
-1266
In base 5, what is 4 + 323130?
323134
In base 14, what is 12 + -6b21?
-6b0d
In base 10, what is 203770 - -5?
203775
In base 4, what is 23001300 - 0?
23001300
In base 16, what is -2 - -7ded?
7deb
In base 2, what is 10111010010011 - 1000001?
10111001010010
In base 6, what is 10335 + 224?
11003
In base 4, what is -12 + -10101130?
-10101202
In base 7, what is -562306 + 50?
-562226
In base 13, what is -17879 - -2?
-17877
In base 12, what is 47270 - -4?
47274
In base 15, what is 421 - 37?
3d9
In base 12, what is 489318 - -3?
48931b
In base 5, what is 423 + -3212?
-2234
In base 2, what is -110111110001 - 101011?
-111000011100
In base 12, what is 0 + 8194b?
8194b
In base 12, what is -2 - 6296?
-6298
In base 2, what is 101110 - -100111000?
101100110
In base 6, what is -3344 + -33?
-3421
In base 4, what is 3 + 13120112312?
13120112321
In base 15, what is -1b878 + -2?
-1b87a
In base 7, what is -112203 + -2?
-112205
In base 6, what is -2412 + 3255?
443
In base 3, what is -200121000212 + 12?
-200121000200
In base 6, what is 2012535 + 3?
2012542
In base 12, what is 0 - 92b7?
-92b7
In base 15, what is -1 + 158e5?
158e4
In base 7, what is 10501200 + -3?
10501164
In base 11, what is 3a6a - 36a?
3700
In base 14, what is -4 - 59455?
-59459
In base 7, what is -6 + 5130?
5121
In base 13, what is -28186 - -2?
-28184
In base 9, what is -56687 + -5?
-56703
In base 4, what is -130000 + 323?
-123011
In base 4, what is -3 - 131113?
-131122
In base 4, what is 22 - 232301111?
-232301023
In base 12, what is 4940 + 6?
4946
In base 14, what is -2 - -a866?
a864
In base 8, what is 5 + -212212?
-212205
In base 2, what is 10111100101 + -11000?
10111001101
In base 9, what is -20 - 3?
-23
In base 15, what is 7a2 + 14?
7b6
In base 9, what is 436145 + -2?
436143
In base 7, what is -10 + 1101?
1061
In base 10, what is -2 + 22680?
22678
In base 11, what is 574 + 279?
842
In base 3, what is -20010 + 102210212?
102120202
In base 3, what is 102 - -220222?
221101
In base 14, what is -75 - -3168?
30d3
In base 15, what is 14e + 54?
1a3
In base 5, what is -41 + -41401314?
-41401410
In base 14, what is 289b0 - 5?
289a9
In base 5, what is 13 + -232003?
-231440
In base 2, what is -10001 - -1101100111?
1101010110
In base 7, what is -6245 + -45?
-6323
In base 13, what is -194 + -173?
-337
In base 9, what is 38 + -8230?
-8181
In base 11, what is -7 + -a5a3?
-a5aa
In base 8, what is 475 + -3323?
-2626
In base 14, what is 9 + 383?
38c
In base 6, what is 534435 + 0?
534435
In base 3, what is -2001 - 2102022?
-2111100
In base 2, what is -110110001100001010101 - -10?
-110110001100001010011
In base 7, what is 0 - 41166?
-41166
In base 2, what is 110 - 100100010110110101?
-100100010110101111
In base 8, what is -106 + 1100?
772
In base 10, what is 191202 - 3?
191199
In base 9, what is 274337 + -4?
274333
In base 7, what is -1054553 + -20?
-1054603
In base 11, what is 5 - -3391?
3396
In base 13, what is 0 - -699cc?
699cc
In base 7, what is -4 - -123116?
123112
In base 14, what is -5 + -150a?
-1511
In base 15, what is -a7aa5 - -3?
-a7aa2
In base 2, what is 100111001010101011 + -11?
100111001010101000
In base 13, what is 111c9 - -7?
11203
In base 4, what is 112 - 311?
-133
In base 12, what is -1132 + a?
-1124
In base 13, what is -37 + -50?
-87
In base 6, what is -134 - 1052040?
-1052214
In base 13, what is -1 - -1606?
1605
In base 4, what is -1010 - -1012?
2
In base 2, what is -100001111010010011 - 0?
-100001111010010011
In base 7, what is 54303 + -43?
54230
In base 10, what is -464 - 14?
-478
In base 12, what is 30 - -2179?
21a9
In base 15, what is 22 + 31b7?
31d9
In base 6, what is -2 + 123303?
123301
In base 6, what is 30 + -3254?
-3224
In base 13, what is b91 + 31?
bc2
In base 7, what is -1 + 234205?
234204
In base 3, what is 20100021102 - 12?
20100021020
In base 5, what is -23102 - 3003?
-31110
In base 6, what is 3013 + 14?
3031
In base 13, what is 26bb - 2a?
2691
In base 10, what is 1683 - -9?
1692
In base 15, what is -5dda49 - 0?
-5dda49
In base 14, what is -4 - -579?
575
In base 16, what is 2 + 228e?
2290
In base 14, what is -62 - 686?
-708
In base 14, what is -c + 997?
989
In base 10, what is 4 + 108507?
108511
In base 12, what is 10657 + -14?
10643
In base 3, what is 112102 + -20010010?
-12120201
In base 2, what is 11 + -100011101110110001?
-100011101110101110
In base 11, what is 31 - 190?
-15a
In base 9, what is -1 - 52683?
-52684
In base 9, what is 16 - -246668?
246685
In base 4, what is -3 + 211232333?
211232330
In base 2, what is -101 + -1101101001001011110?
-1101101001001100011
In base 2, what is -110101 + 10110101?
10000000
In base 15, what is c - -b73?
b80
In base 5, what is -12244 - -10?
-12234
In base 13, what is -131 + -4309?
-443a
In base 7, what is 5 - -301163?
301201
In base 15, what is 3 - -12423?
12426
In base 8, what is -65 + -3441?
-3526
In base 12, what is -123 - 8a?
-1b1
In base 16, what is -23 + d03?
ce0
In base 5, what is 2 - -1032442?
1032444
In base 3, what